 the highest common factor of 2184 and 616.
56
Calculate the greatest common factor of 11420 and 40.
20
Calculate the highest common divisor of 950 and 100.
50
What is the highest common factor of 18 and 78?
6
What is the greatest common divisor of 1 and 37?
1
What is the greatest common divisor of 9 and 1290?
3
What is the highest common factor of 18 and 6?
6
What is the highest common factor of 110 and 143?
11
What is the highest common factor of 700 and 2044?
28
Calculate the greatest common divisor of 90 and 18.
18
Calculate the highest common divisor of 23 and 621.
23
What is the greatest common factor of 19 and 6517?
19
What is the highest common factor of 448 and 6524?
28
Calculate the highest common factor of 216 and 144.
72
What is the greatest common factor of 55 and 25?
5
Calculate the greatest common divisor of 372 and 124.
124
Calculate the greatest common divisor of 46 and 299.
23
Calculate the greatest common factor of 235 and 141.
47
Calculate the greatest common divisor of 512 and 224.
32
What is the highest common divisor of 1537 and 87?
29
What is the greatest common divisor of 22 and 99?
11
What is the greatest common factor of 1 and 981?
1
Calculate the greatest common factor of 7 and 2023.
7
Calculate the highest common factor of 36 and 18.
18
Calculate the greatest common factor of 1715 and 5.
5
What is the highest common divisor of 4 and 4700?
4
Calculate the highest common divisor of 208 and 48.
16
What is the greatest common divisor of 330 and 6105?
165
What is the greatest common divisor of 440 and 10?
10
Calculate the greatest common divisor of 164 and 779.
41
Calculate the greatest common factor of 13 and 41483.
13
Calculate the greatest common divisor of 6901 and 67.
67
Calculate the greatest common divisor of 11 and 8.
1
Calculate the greatest common divisor of 4309 and 124.
31
Calculate the greatest common divisor of 7 and 189.
7
Calculate the greatest common divisor of 51 and 162.
3
What is the greatest common factor of 332 and 249?
83
What is the highest common divisor of 8552 and 8?
8
What is the greatest common factor of 6943 and 131?
131
What is the highest common divisor of 107 and 4601?
107
What is the greatest common factor of 1343 and 17?
17
Calculate the highest common divisor of 18 and 1026.
18
Calculate the highest common divisor of 18 and 450.
18
What is the greatest common factor of 20967 and 87?
87
What is the greatest common factor of 180 and 100?
20
What is the greatest common factor of 2504 and 16?
8
What is the highest common divisor of 31 and 31?
31
What is the highest common factor of 45 and 30?
15
What is the greatest common divisor of 672 and 42?
42
What is the highest common factor of 123 and 6?
3
Calculate the greatest common divisor of 315 and 60.
15
What is the greatest common factor of 219 and 177?
3
What is the highest common factor of 567 and 126?
63
Calculate the highest common factor of 1295 and 111.
37
Calculate the greatest common divisor of 102 and 1377.
51
Calculate the greatest common divisor of 6309 and 18.
9
What is the greatest common factor of 595 and 170?
85
Calculate the highest common divisor of 66 and 1518.
66
What is the highest common divisor of 31 and 8401?
31
What is the greatest common divisor of 465 and 279?
93
What is the highest common divisor of 13718 and 361?
361
What is the greatest common factor of 54 and 198?
18
What is the greatest common factor of 320 and 100?
20
Calculate the greatest common divisor of 41 and 328.
41
Calculate the highest common divisor of 840 and 714.
42
What is the greatest common factor of 40 and 26360?
40
Calculate the greatest common divisor of 1892 and 258.
86
Calculate the highest common factor of 159 and 53.
53
Calculate the highest common factor of 43301 and 57.
19
What is the highest common factor of 205 and 55?
5
Calculate the greatest common divisor of 26 and 234.
26
Calculate the highest common factor of 455 and 21.
7
Calculate the greatest common factor of 49 and 13.
1
What is the greatest common divisor of 112 and 96?
16
What is the greatest common divisor of 18775 and 25?
25
Calculate the highest common divisor of 3861 and 286.
143
What is the greatest common divisor of 600 and 8120?
40
What is the highest common factor of 672 and 21?
21
What is the highest common factor of 2501 and 779?
41
What is the highest common divisor of 248 and 186?
62
Calculate the highest common factor of 869 and 316.
79
Calculate the greatest common factor of 169 and 65.
13
Calculate the highest common divisor of 261 and 2001.
87
Calculate the greatest common factor of 102 and 2074.
34
Calculate the highest common divisor of 1488 and 88.
8
Calculate the highest common factor of 235 and 4559.
47
What is the highest common factor of 2275 and 39?
13
What is the highest common factor of 65 and 52?
13
What is the highest common factor of 1633 and 497?
71
What is the greatest common factor of 3 and 114?
3
Calculate the greatest common divisor of 7259 and 68.
17
Calculate the highest common divisor of 4048 and 880.
176
What is the greatest common divisor of 12 and 44?
4
Calculate the greatest common factor of 88 and 11.
11
What is the highest common divisor of 41 and 2173?
41
Calculate the greatest common factor of 289 and 34.
17
Calculate the highest common divisor of 56355 and 289.
289
Calculate the greatest common divisor of 143 and 871.
13
Calculate the greatest common factor of 1482 and 1560.
78
Calculate the highest common factor of 3104 and 32.
32
What is the greatest common factor of 11800 and 100?
100
Calculate the greatest common factor of 90 and 1300.
10
What is the greatest common divisor of 438 and 2336?
146
Calculate the greatest common divisor of 180 and 54.
18
What is the highest common divisor of 102258 and 38?
38
Calculate the highest common factor of 28 and 20.
4
Calculate the highest common divisor of 2235 and 6.
3
Calculate the highest common factor of 9 and 171.
9
Calculate the highest common divisor of 28509 and 102.
51
What is the highest common divisor of 14 and 35?
7
Calculate the highest common divisor of 21257 and 29.
29
What is the highest common factor of 209 and 44?
11
What is the highest common divisor of 15 and 465?
15
Calculate the highest common divisor of 35 and 4585.
35
What is the highest common factor of 616 and 1144?
88
Calculate the greatest common divisor of 312 and 520.
104
Calculate the highest common factor of 35655 and 15.
15
Calculate the greatest common divisor of 159 and 3233.
53
Calculate the greatest common divisor of 9 and 3879.
9
What is the highest common divisor of 8 and 256?
8
Calculate the greatest common divisor of 120 and 2895.
15
Calculate the greatest common factor of 348 and 435.
87
What is the highest common factor of 756 and 1148?
28
Calculate the highest common divisor of 65 and 104.
13
What is the greatest common factor of 567 and 54?
27
Calculate the highest common divisor of 630 and 140.
70
What is the greatest common factor of 1380 and 6?
6
What is the greatest common divisor of 692 and 8?
4
What is the highest common divisor of 511 and 7?
7
Calculate the greatest common factor of 16 and 456.
8
What is the highest common factor of 579 and 2509?
193
Calculate the highest common divisor of 322 and 84.
14
What is the greatest common divisor of 297 and 33?
33
What is the highest common factor of 291 and 3977?
97
Calculate the highest common divisor of 90 and 7605.
45
Calculate the highest common divisor of 480 and 12.
12
What is the highest common divisor of 125 and 5?
5
Calculate the greatest common factor of 24 and 84.
12
What is the greatest common factor of 250 and 75?
25
Calculate the greatest common divisor of 1785 and 210.
105
What is the greatest common factor of 18 and 11709?
9
What is the greatest common factor of 66 and 363?
33
What is the highest common divisor of 371 and 49?
7
What is the highest common factor of 5 and 7?
1
Calculate the greatest common factor of 1887 and 51.
51
Calculate the highest common divisor of 154 and 42.
14
What is the greatest common divisor of 14 and 37898?
14
What is the highest common divisor of 2694 and 6?
6
Calculate the greatest common factor of 39 and 93.
3
Calculate the highest common factor of 2844 and 54.
18
Calculate the highest c